
5
-12 - (28 - 26) - -22 - (-2 + -3)
13
What is -16 + 35 + -43 + 38?
14
Evaluate -8 + (44 - 36 - -3) + -1 + 40.
42
(12 - 0) + -23 + -13 + 35 - 13 - 2
-4
What is the value of (88 - 82) + 3 + (-13 - 3) + -1 + -5?
-13
What is -5 + -1 + -639 + 623 + 1 + 6?
-15
What is the value of (-3 + -142 - 8) + 81?
-72
(33 - (77 + -45)) + -59
-58
(-2 - (3 + 2 + -6 + 9 + -9)) + 48
47
What is the value of (258 - 248) + 0 + 0 + -1 + -45?
-36
Evaluate 31 + -31 + 2 + 10 + (-13 - -9 - 89).
-81
Evaluate -2 + 32 + -63 + 25.
-8
What is -9 - -51 - 62 - 21?
-41
Calculate 79 - (-11 + (-42 - -98)).
34
Calculate (-11 - -4) + (28 - 26) + -8 + 96.
83
Evaluate 1 - -18 - (64 - (249 + -110)).
94
What is the value of (-382 - -489) + (-161 - -13)?
-41
Evaluate (387 - 68) + -299 - (2 + -9).
27
What is 50 + -3 + -11 + 14 - (4 + (5 - 8))?
49
What is the value of -31 - (-154 + 24) - (1 + 25)?
73
What is the value of 12 + 0 + 1 + (0 - -10 - -12)?
35
Evaluate 15 + (2 + -9 + 1 - -13) + -1 + 0.
21
What is (127 - 27) + (-17 + 6 - 6)?
83
(4 - 2 - 1) + -352 + 356 - (6 + 1)
-2
What is -82 + 99 - (88 - 6)?
-65
Calculate (-2 - 25) + -654 + 655.
-26
Calculate (-9 - -191) + -175 + -52 + -2.
-47
What is (-2 + 2 - (52 - 3)) + -36 + 28?
-57
Evaluate -43 - (11 - 43 - -62).
-73
Calculate -7 - (-40 - (-22 + -1) - -13 - 12).
9
Evaluate 39 - -29 - (-6 + 83) - ((15 - -1) + 0).
-25
1 - 19 - (127 + (-129 - -18))
-34
What is -7 + (-1 - -81) + 25 + (0 - (6 + -10))?
102
What is the value of 136 - (55 + (75 - 48))?
54
-25 + (34 - (24 - (30 - 23)))
-8
-5 + -3 + (15 + -50 - -76)
33
What is -3 + -15 + 0 + 0 + -163 + 175 - 71?
-77
What is the value of 4 + (0 - -14 - 12) - 18?
-12
Evaluate 26 + (56 - (3 - (-9 - 26))).
44
(-32 - -36 - 47 - -43) + (-6 - -1)
-5
Evaluate (-1 - (-43 - -2)) + (-60 - (-41 - 24)).
45
Calculate -13 - (34 + -33 + 25).
-39
Evaluate -8 + 4 - 83 - (2796 - 2773).
-110
Evaluate 0 - (2 + (20 + -15 - 22)).
15
What is the value of (-15 - -36) + 23 + -30 + -33 + 0?
-19
What is 8 - (-6 + 12) - (22 + -16 + -15) - 20?
-9
Evaluate 307 - 350 - (2 - (-3 + 5)).
-43
Calculate 3 + -48 - (-129 - -104).
-20
What is 105 + -119 - 80 - 10?
-104
What is -72 + 50 + 101 + -63?
16
19 - ((-71 - -45) + 37)
8
Evaluate 33 + 1 + 1567 + -1619.
-18
Evaluate (-81 - -211) + -128 + (1 - 2 - -2) + 68.
71
Evaluate 55 + 124 + -59 + -94.
26
20 + 59 + 11 + -47
43
Calculate -3 + 8 + (33 - (10 + 29)).
-1
Evaluate (-36 - 0) + (873 - 811) - 0.
26
Calculate -2 + (-7 - -17) + -1 + 2 + (2 - -27).
38
-31 + (33 - 46 - -47)
3
What is the value of -2 + (32 + -42 - (-20 + 9 + -6))?
5
What is 3 + ((-18 - -16) + (9 - 7) - -2 - -56)?
61
Evaluate (3 - 21 - 9) + -4 - (-21 - -25).
-35
What is (-1 - -2 - -89) + (-1399 - -1382)?
73
Calculate 117 + 37 + -169 + 58.
43
What is the value of -81 + 16 - -48 - (1 - 3 - 55)?
40
65 + -119 + -1 + 15
-40
Calculate -10 - 2 - (10 + (-9 - -9) + (-2 - 54)).
34
Evaluate -20 + (9 - 48) - -26.
-33
Evaluate (-11 - (-10 - -4)) + (2 - -33) + -25.
5
Calculate 138 + ((-65 - -10) + -11 - -22).
94
What is (-25 - -8 - -36) + -55 + -7?
-43
Evaluate 1358 + -1328 + (-1 - 0) + -18 + -24.
-13
Calculate -53 - (44 - (89 + 2)).
-6
16 + -27 + 29 + 11 + 2
31
Evaluate 93 + 32 + -50 + -31.
44
What is the value of -98 + 82 + 16 + -77?
-77
Calculate -183 + 149 + 13 + (3 - 12).
-30
145 - (-26 + 60 - (47 - 55))
103
What is -51 + 121 + -75 + -16?
-21
What is the value of 74 + -60 + 24 + -11?
27
Calculate -11 + (-101 - -31) + 41.
-40
Evaluate -14 - (3 + -7) - ((-2 - -6 - 17) + -12).
15
What is the value of (31 - (10 + 17 + -30)) + 24?
58
What is 64 - (-42 + -14 - -60)?
60
What is the value of (4 - 21 - -3) + (54 - 9)?
31
Evaluate -21 + (4 + -1 - (14 + -17)) + (121 - 129).
-23
0 - (1 + 58) - (79 + -94 - (-37 - -16))
-65
(7 - 22 - -21) + (-118 + (-2 - -5) - -8)
-101
What is the value of -77 + 24 + 115 - 37?
25
What is -1622 + 1699 - (34 + 0)?
43
Evaluate 7 - ((140 - (21 + 24)) + -2 + -1).
-85
What is the value of -32 - (-18 - 70 - (19 + 2))?
77
What is the value of 4 - ((-15 - 1) + (1277 - 1224))?
-33
Calculate 83 + -1 - (166 + -79 + -75).
70
Evaluate (0 + 29 - 2) + (-3910 - -3832).
-51
Evaluate 32 + -16 + (-3 - (-1 + 0)) - (9374 + -9322).
-38
Calculate (-163 - -200) + -34 + 0.
3
What is the value of -1 + -12 + 8 + -11 - -12 - (-17 - -1)?
12
What is 3 + (0 - 2) + (-2 - -3) + -129548 + 129637?
91
What is the value of -6 + 3 + (23 - 99) - -24?
-55
Calculate 17 - 58 - (-6 + 2 + 3 + 10).
-50
Calculate 7 - (-2 + 6 + -4) - (72 - (-68 - -56)).
-77
What is 21431 - 21486 - (1 + -38)?
-18
What is 78 + 12 + (-26 - 16)?
48
Calculate (14 - (5 + -10)) + (-1332 - -1313).
0
What is 0 + 2 + -3 - ((2 - (-32 + 0)) + -10)?
-25
What is -160 - -4 - (2539 + -2554)?
-141
What is the value of -34 + -64 + 35 + -7?
-70
What is 23 + 62 + -80 + -61?
-56
Calculate -70 - (128 + (-138 - -28)).
-88
(-21 - (15 - 28) - (12 + -5)) + 137 + 5
127
Calculate 613 + -628 + 18 + -2 + -4 + -3.
-6
What is the value of (3 - (-1 + -5)) + -62 + 49 - (3 + -7)?
0
What is (16 - (-7 - -26) - -6 - -54) + 0 + -5?
52
What is the value of -39 + 56 + -5 + -48 - -5?
-31
Calculate 35 + 29 + 0 + -35 + -6.
23
What is -39 - (-9 - 38) - 44?
-36
Evaluate -69 - -5 - (-166 - -117).
-15
What is the value of 13 + -15 + -6 - -26 - 9?
9
What is 35 + 23 + -37 + -52?
-31
42 + (-6 + -46 - 15)
-25
What is the value of 10 + -4 + (6 - (1 + -5) - 13) - 40?
-37
Evaluate 72 - 1 - (18319 - 18160).
-88
What is 3 - -11 - (-18 - (-9 - 23))?
0
Evaluate 41 + (9 + 8 + -19 + 10 - 4).
45
What is the value of (2 - (11 + -18)) + 5 + 80?
94
Evaluate -1 + 0 + 43 - ((9 - 31) + 31).
33
Calculate 0 + 0 + -26 - (71 + (-23 - 55)).
-19
Evaluate -37 + (-6 - -71 - 104).
-76
Calculate 107 + (18 - (22 + 20 - 40)).
123
Calculate -2 - -19 - (46 - -6 - 47).
12
((-19 - -4) + 2 - 0) + 3 - (-191 + 236)
-55
What is -94 - -44 - (2 - 63)?
11
What is the value of -12 + 8 - (247 - 180)?
-71
What is -10 + 0 + (9 - ((12 - 7) + -3)) + 50?
47
What is the value of 28 - -79 - 26 - (25 - 55)?
111
Evaluate 27 - (-2 + (-42 - -63)).
8
14 + -79 + -16 + 20
-61
Evaluate (13 - -112 - 6) + 0 - 22.
97
(37 - 1) + (29 + -17 - 0 - 11)
37
9 + 7 + 15 + -35 + -13 + (-4 - 0)
-21
Evaluate 11 + (-190 - -171) + (3 - 0 - 0).
-5
-1 - (2 + -1) - (32 - 79 - -15)
30
What is (-13 - -76 - -6) + (13 - (27 - 1))?
56
What is the value of 8 + -19 - (21 - (5 - 5 - 10))?
-42
What is the value of (91 - 106) + (0 - (3 + 1 + -2))?
-17
Evaluate 7 + 15 + 17 + -1 + -18.
20
Calculate 73 - (-64 + 103 - 48).
82
Calculate -95 + (-77 + 147 - 62).
-87
Calculate 7 - 21 - (-9 - -12 - -38) - -6.
-49
What is 5 + (124 - 115 - (49 - -1))?
-36
What is (18 + -41 + -6 + 21 - -12) + -16 + 0?
-12
Evaluate (30 - 50) + 9 + 2 + -5 + 2.
-12
Evaluate 51 + (-32 - 7) + (1 - -1) + -5.
9
Calculate 76 + 1 + -357 + 324.
44
What is -32 + 30 + 4 + -35?
-33
Calculate 2 - (2 - 8) - (3 - -76) - -10.
-61
What is the value of -2 - -15 - (32 - (-13 + -18 - -16))?
-34
What is the value of -199 - (-84 - -82 - 111)?
-86
Calculate -4 + -27 - (11 + 7 + -18) - (-13 + 15).
-33
11 - (13 + -16) - (61 - 7)
-40
What is -12 + (-4 + -75 - 2 - -27)?
-66
What is the value of -104 - (-22 + 14 + -24 + 27) - (-1 - -1)?
-99
Calculate 17 - 3 - 25 - 1 - (15 - 3).
-24
What is the value of -3 + -23 + 29 - -11 - (2 - -149)?
-137
Evaluate (12281 - 12314) + (2 - 1 - 51).
-83
Calculate 25 + -17 + -62 + -96 + 62.
-88
Calculate -28 + 5 + 109 + -52 - (1 + -9).
42
Evaluate (-80 - (-81 + 7)) + 48.
42
106 + (-14 - -43) + -84
51
Calculate -123 - (0 + 12 - (-91 + (70 - -9))).
-147
What is the value of -18 - (-60 + 35 + -18) - -52?
77
14 + -12 + -28 + 24 + 95 + -7 + -1
85
Evaluate (27 - 37 - (-3 + 32)) + -4 + 16.
-27
Calculate 1806 + -1841 + (1 - -58).
24
Evaluate (-6 + 90 - (-62 + 49)) + -20.
77
What is -89 + 2 + (2 - (9 - (31 + -8)))?
-71
1 + 59 - (195 - 178 - 21 - (-4 - 1))
59
Evaluate (-24 + 20 - (-1 + 3)) + 18 + -2 - -50.
60
Evaluate -36 - ((14 - 8) + -34) - (21 + -2).
-27
Calculate -5 + -6 + 2 + (-57 - 1) + -2 - -2.
-67
Evaluate 21 + -3 + (0 + 15 - (873 - 763)).
-77
What is the value of (0 - 1) + (-19 + (24 - 3) - -12)?
13
(-45 + -2 - 0) + (54 - (15 - -29))
-37
What is the value of (-1 - -62) + -31 + (-20 - -42)?
52
What is (-46 - -143) + (-21 - 63)?
13
Calculate -1035 + 1118 + (-4 - 32).
47
Evaluate 5 + (16 - (28 - 3)) - (-110 - 0).
106
What is -29 - ((16 - 10) 